07.
3, 1373347
What are the prime factors of 916378033?
821, 1116173
What are the prime factors of 66281257?
7, 107, 88493
What are the prime factors of 40585568?
2, 1268299
What are the prime factors of 371861623?
7, 4463, 11903
List the prime factors of 3891219160.
2, 5, 2309, 42131
What are the prime factors of 417107995?
5, 331, 252029
What are the prime factors of 586322075?
5, 3881, 6043
What are the prime factors of 47232808?
2, 7, 843443
List the prime factors of 8160223403.
31, 479, 549547
List the prime factors of 2186168296.
2, 13, 21020849
List the prime factors of 251376277.
107, 229, 10259
What are the prime factors of 10464605?
5, 17, 123113
List the prime factors of 1755916597.
19, 1307, 70709
What are the prime factors of 177056833?
177056833
List the prime factors of 911098622.
2, 7, 65078473
What are the prime factors of 2731268098?
2, 13, 103, 163, 6257
What are the prime factors of 41474746?
2, 149, 139177
What are the prime factors of 52389332?
2, 13097333
What are the prime factors of 89645594?
2, 71, 631307
List the prime factors of 249717351.
3, 13, 179, 35771
What are the prime factors of 170511093?
3, 2789, 6793
What are the prime factors of 1714291150?
2, 5, 11, 13, 19, 12619
List the prime factors of 68691740.
2, 5, 13, 20323
List the prime factors of 39299178.
2, 3, 233, 28111
What are the prime factors of 1217029988?
2, 727, 418511
List the prime factors of 625299334.
2, 11, 29, 37, 26489
What are the prime factors of 79181644?
2, 787, 25153
List the prime factors of 728536028.
2, 11, 29, 101, 5653
What are the prime factors of 5239821112?
2, 654977639
List the prime factors of 3261318564.
2, 3, 7, 401, 96821
List the prime factors of 163721426.
2, 11, 7441883
What are the prime factors of 63355585?
5, 3463, 3659
What are the prime factors of 31088870?
2, 5, 23, 29, 59, 79
What are the prime factors of 422834940?
2, 3, 5, 11, 213553
List the prime factors of 189938268.
2, 3, 13, 107, 3793
What are the prime factors of 10103566?
2, 11, 353, 1301
List the prime factors of 787720117.
787720117
What are the prime factors of 77186550?
2, 3, 5, 7, 19, 53, 73
What are the prime factors of 370087986?
2, 3, 23, 37, 72481
List the prime factors of 9535861.
17, 239, 2347
List the prime factors of 1055891138.
2, 527945569
What are the prime factors of 2321140972?
2, 179, 3241817
What are the prime factors of 114672797?
114672797
What are the prime factors of 800839764?
2, 3, 7415183
List the prime factors of 127846998.
2, 3, 43, 18353
What are the prime factors of 65408198?
2, 631, 51829
What are the prime factors of 84653?
84653
List the prime factors of 135514599.
3, 11, 17, 241559
List the prime factors of 2035972688.
2, 127248293
List the prime factors of 205344746.
2, 37, 2774929
List the prime factors of 887497764.
2, 3, 139, 157, 3389
List the prime factors of 5128677221.
1229, 4173049
What are the prime factors of 12811288?
2, 7, 228773
List the prime factors of 5522661414.
2, 3, 379, 643, 1259
List the prime factors of 114529825.
5, 4581193
What are the prime factors of 94862934?
2, 3, 19, 92459
List the prime factors of 161776151.
161776151
List the prime factors of 103340468.
2, 7, 11, 19, 17659
What are the prime factors of 4100884690?
2, 5, 7, 58584067
List the prime factors of 23722139.
7, 3388877
List the prime factors of 324911275.
5, 13, 999727
List the prime factors of 150050956.
2, 11, 3410249
List the prime factors of 5846917015.
5, 17, 97, 389, 1823
List the prime factors of 470893290.
2, 3, 5, 7, 97, 23117
List the prime factors of 66242668.
2, 23, 101, 7129
List the prime factors of 121039264.
2, 3782477
What are the prime factors of 458779235?
5, 91755847
List the prime factors of 36726797.
36726797
List the prime factors of 140303865.
3, 5, 13, 173, 4159
What are the prime factors of 322101743?
601, 535943
What are the prime factors of 1496476798?
2, 43, 71, 245083
What are the prime factors of 499654322?
2, 127, 347, 5669
List the prime factors of 75712299.
3, 13, 911, 2131
List the prime factors of 253335686.
2, 126667843
What are the prime factors of 1345622?
2, 672811
List the prime factors of 116487253.
116487253
List the prime factors of 868530494.
2, 13, 73, 193, 2371
What are the prime factors of 2438356348?
2, 139, 4385533
What are the prime factors of 106966123?
11, 23, 29, 61, 239
List the prime factors of 28963347.
3, 7, 1379207
List the prime factors of 2258455843.
7, 19, 16980871
List the prime factors of 7669598.
2, 827, 4637
List the prime factors of 1149182447.
7, 23452703
List the prime factors of 62481050.
2, 5, 1249621
What are the prime factors of 1431791560?
2, 5, 35794789
List the prime factors of 14953145.
5, 2990629
What are the prime factors of 233468039?
7, 37, 97, 9293
What are the prime factors of 1508946658?
2, 1777, 424577
What are the prime factors of 53001831?
3, 17667277
What are the prime factors of 43168045?
5, 2383, 3623
List the prime factors of 63169794.
2, 3, 19, 6841
List the prime factors of 43395479.
1553, 27943
List the prime factors of 2282476728.
2, 3, 7, 3517, 3863
List the prime factors of 261258683.
7, 19, 41, 47911
List the prime factors of 18054055.
5, 3610811
What are the prime factors of 108305580?
2, 3, 5, 1805093
What are the prime factors of 30557171?
89, 521, 659
List the prime factors of 313948497.
3, 7607, 13757
What are the prime factors of 123980873?
31, 3999383
List the prime factors of 1486205604.
2, 3, 13, 107, 761
What are the prime factors of 472919346?
2, 3, 2437, 10781
List the prime factors of 522008293.
61, 2221, 3853
List the prime factors of 502903730.
2, 5, 7, 79, 211, 431
List the prime factors of 34602220.
2, 5, 29, 59659
List the prime factors of 59639700.
2, 3, 5, 61, 3259
List the prime factors of 2074946032.
2, 71, 1826537
List the prime factors of 53477861.
179, 298759
What are the prime factors of 24845098?
2, 41, 302989
List the prime factors of 52345513.
11, 19, 211, 1187
What are the prime factors of 41208683?
41208683
List the prime factors of 537116297.
537116297
List the prime factors of 1168251648.
2, 3, 101, 15061
What are the prime factors of 194914110?
2, 3, 5, 103, 63079
List the prime factors of 163630838.
2, 7, 11687917
List the prime factors of 987658849.
5669, 174221
What are the prime factors of 72656543?
1871, 38833
What are the prime factors of 4157959355?
5, 11, 75599261
What are the prime factors of 2698602511?
11, 29, 37, 228637
What are the prime factors of 1305807569?
11, 167, 710837
List the prime factors of 375478096.
2, 7, 3352483
What are the prime factors of 4436001567?
3, 389, 1267067
What are the prime factors of 317384948?
2, 181, 438377
What are the prime factors of 562882318?
2, 317, 887827
What are the prime factors of 175259380?
2, 5, 37, 173
What are the prime factors of 34085223?
3, 3787247
What are the prime factors of 61686078?
2, 3, 71, 89, 1627
What are the prime factors of 10090651?
1051, 9601
What are the prime factors of 5436569?
5436569
List the prime factors of 425661579.
3, 7, 19, 37, 1373
List the prime factors of 525514865.
5, 105102973
What are the prime factors of 50163045?
3, 5, 61, 73, 751
What are the prime factors of 34732367?
1103, 31489
What are the prime factors of 49501780?
2, 5, 2475089
List the prime factors of 12780541.
79, 161779
What are the prime factors of 94561418?
2, 7, 23, 37, 7937
List the prime factors of 117917724.
2, 3, 19, 517183
List the prime factors of 98663882.
2, 23, 2144867
What are the prime factors of 5005132?
2, 11, 19, 5987
List the prime factors of 1156065.
3, 5, 37, 2083
What are the prime factors of 25879438?
2, 13, 995363
List the prime factors of 2054195293.
2054195293
List the prime factors of 4885454.
2, 7, 151, 2311
What are the prime factors of 913467805?
5, 3407, 53623
List the prime factors of 106640724.
2, 3, 83, 107069
List the prime factors of 33162145.
5, 6632429
What are the prime factors of 1363445870?
2, 5, 173, 631, 1249
List the prime factors of 193203043.
11, 61, 287933
What are the prime factors of 389591151?
3, 193, 672869
What are the prime factors of 22745502?
2, 3, 13, 32401
What are the prime factors of 125985750?
2, 3, 5, 11, 15271
What are the prime factors of 242574802?
2, 17, 47, 151799
What are the pri